 Let o(f) = -3*f + f**2 - 1 + 0 - n. What is o(5)?
5
Let v = 2 - 5. Let x be 0 - (v/1 + 0). Let l = x - 0. Let c(m) = m**3 - m**2 - 5*m + 2. What is c(l)?
5
Let b(w) = w**3 + 3*w**2 - 8*w - 4. Suppose 3*l + 5*o = -20, -l = 2*l + o + 16. Determine b(l).
-14
Let r(f) = -f**3 + 4*f**2 + f - 1. Let c(k) = -k - 2. Let g be c(-4). What is r(g)?
9
Let y(k) = -4*k + 6. Let c be y(4). Let t = 22 + c. Let i be (2/6)/(2/t). Let a(f) = f**2 + f + 2. Calculate a(i).
8
Let x(w) = -4*w + 7. Let o(a) = a. Let r(u) = 5*o(u) + x(u). What is r(0)?
7
Let z(n) = -n + 7. Let y be z(6). Let j(k) = -3 - 2*k**2 + 2012*k**3 - 2017*k**3 + 0 + 4. Give j(y).
-6
Let n = 0 - 0. Let z(m) = m**2 + 3. Let u(h) = -h**3 + h**2 + h. Let t(l) = -u(l) + z(l). Determine t(n).
3
Let d(v) = v**2 + 4 - 4*v**2 - v - 2*v**2 + 4*v**2. Determine d(0).
4
Let q(v) = 3*v - 1. Let s(a) = 3*a - 1. Let d = 1 - 6. Let w(r) = d*s(r) + 6*q(r). Calculate w(-3).
-10
Let f(u) = u**2 + 0*u - 4*u + 5*u - 1. Suppose -5*w - 25 = 0, 0*v = 3*v - 3*w - 18. Suppose 0 = -x - v - 2. What is f(x)?
5
Let p = 0 - -3. Let k = 5 - p. Let r(g) = g**3 - g**2 - g - 1. Determine r(k).
1
Let a(b) = b**2 - 3*b. Let g(k) = k**3 - 5*k**2 + 5*k - 1. Let s be g(4). Calculate a(s).
0
Let q(k) = -2*k**3 - 2*k**2 + k + 2. Suppose -4*c = -3*c + 2. Give q(c).
8
Let g(a) be the third derivative of a**6/120 - a**5/12 + a**4/24 - 11*a**3/6 - 34*a**2. Give g(5).
-6
Let x(q) = -8*q. Let u = -18 + 17. What is x(u)?
8
Suppose 3 + 12 = 3*b, 3*b - 1 = 2*j. Let n(g) = g - 11. Let v be n(j). Let w(s) = 7 + 3*s - 2 + 1. Determine w(v).
-6
Let i be (-4)/(-8) + (-6)/(-4). Let u(w) be the third derivative of 1/30*w**5 + i*w**2 - 1/3*w**3 + 1/12*w**4 + 0*w + 0. Give u(-2).
2
Let h be (-24)/9*3/(-2). Suppose -h = -l - 1. Suppose -n - 4*c + 17 = 0, 0 = -8*c + l*c + 25. Let s(o) = o**2 + 5*o - 2. What is s(n)?
-8
Let w(m) = m**2 - 3*m + 2. Let a(y) = y**3 - 4*y**2 - 2*y - 4. Let k be a(5). Suppose 3*g - 13 = -4*q, q = -q + 3*g + k. Determine w(q).
6
Let p(y) = y. Let l be (10/6 - 0)*3. Suppose 0 = -l*n + 4*r - 8, 4*n + r + 2*r + 25 = 0. Give p(n).
-4
Let w(q) = -q - 1. Let o be w(-5). Suppose -1 + o = -l. Let n(h) = h**2 + h + 2. What is n(l)?
8
Let l = 1 + 1. Let w(h) = -h**l - h**2 + 3 - 3*h + 3*h**2 + 0*h**2. Suppose 20 = -5*m, -3*t + 4*m - m + 21 = 0. What is w(t)?
3
Let w = -1 - -7. Let q be (-6)/(-9) + (-28)/w. Let h(b) = b + 4. Let z be h(q). Let y(g) = g**3 - g**2 + 1. Calculate y(z).
1
Let m be 4/(-3) + (-2)/(-6). Let y = 0 + m. Let b(z) = 5*z - 3. Let g(f) = -2*f + 1. Let o(x) = 2*b(x) + 7*g(x). Calculate o(y).
5
Let s = -5 + 8. Let d(a) = a**2 - a + 4*a + s*a. What is d(-5)?
-5
Let r(f) be the third derivative of -f**5/60 + f**4/4 - 5*f**3/6 + 9*f**2. What is r(4)?
3
Let u be (-1)/((-5)/15*1). Let n(t) = -2*t**3 + 2*t**2 + 4*t - 2. Let x(d) = d**3 - d**2 - d + 1. Let a(q) = n(q) + x(q). What is a(u)?
-10
Suppose -2*z - x + 2*x + 9 = 0, 0 = z - x - 5. Let t(a) = a**3 - 5*a**2 + 2*a + 3. What is t(z)?
-5
Suppose 7 = 4*y - y + 2*f, 0 = -5*f - 5. Let i(b) = b + 1. Let h be i(y). Let d(z) be the third derivative of -z**5/60 + z**4/8 + z**3/6 + z**2. Determine d(h).
-3
Let v(u) = 7*u + 1. Let k = 14 - 13. Determine v(k).
8
Let n(d) = -7*d - 5. Let z(w) = 6*w + 5. Let q(b) = -5*n(b) - 6*z(b). Let y(p) = -p**3 - 4*p**2 + 3*p + 6. Let t be y(-4). Give q(t).
1
Let o(a) = -a**3 - a**2 - a - 5. Suppose -24 = -2*x - 4*p, 3*x - 5*p + 24 = 4*x. Suppose -x*y = -y. What is o(y)?
-5
Let d = -1 - -6. Let c(w) = d - 1 - 2*w + 0. Let x be (-46)/(-14) - (-4)/(-14). Give c(x).
-2
Let h(w) be the first derivative of -w**3/3 + w**2 + w + 1. Suppose -2*o - 3 = o. Give h(o).
-2
Let f be 10/(-55) + 4/(88/(-150)). Let r(v) = v**2 + 5*v + 3. Give r(f).
17
Let x(p) = 3*p + 1. Let a(g) = 2*g. Suppose -2*q + 6 - 4 = 0. Let o = q - -3. Let y(r) = o*a(r) - 3*x(r). Calculate y(0).
-3
Let v(o) = -o - 5. Let p = 33 + -42. Calculate v(p).
4
Let a(i) be the first derivative of i**4/4 - 3*i**2/2 - 2*i - 69. What is a(-2)?
-4
Let j(x) be the third derivative of -x**6/360 - 3*x**5/40 + x**4/4 - 6*x**2. Let w(k) be the second derivative of j(k). Calculate w(-6).
3
Let s(q) = -2*q**3 + 6*q**2 - 4*q - 2. Let o(g) = -g**3 - g. Let l(y) = -3*o(y) + s(y). Give l(-6).
4
Let c(b) = 4*b + 1. Let i be 4/4 - (1 + 4). Suppose 3*y - o + 6 = y, -4*y - 24 = o. Let f = i - y. Give c(f).
5
Let t(n) = n - 7. Let m(g) = -g**3 + 4*g**2 + 6*g + 2. Let c be m(5). Calculate t(c).
0
Let q(w) = 3*w - 3. Let z be q(2). Let o be z*((-16)/(-6) - 2). Let n(l) = -5*l**o + 2 - 2*l - 1 - l**3 + 0 + 0*l. Calculate n(-4).
-7
Let x(f) = -f**2 + 4*f + 3. Let d(n) = n**2 - 10*n + 6. Let u be d(9). Let z be 18/6 - (-2 - u). Suppose -15 = -i - 3*r, -3*i - z*r - 2*r = -25. Determine x(i).
6
Let x(d) be the second derivative of -d**3/3 - 3*d**2/2 + 3*d. Let r = 13 + -17. Calculate x(r).
5
Let f(r) = -r**3 - 4*r**2 + 5. Let x be f(-4). Let u(m) = -3*m**2 - 7*m + 7. Let h(q) = -4*q**2 - 7*q + 8. Let y(w) = -4*h(w) + 5*u(w). What is y(x)?
-7
Let l(z) = z**3 - 5*z**2 - 5*z - 3. Suppose 0 = -5*r, 42 = 6*i - 4*i + 2*r. Suppose 0 = 2*m + m - i. Let w(h) = -h**2 + 7*h + 6. Let y be w(m). Calculate l(y).
3
Suppose -2*x - 3*x + 15 = 0. Let y(f) = -5*f - x*f + 0*f + 6 + 4*f - f**2. What is y(-5)?
1
Let t(z) be the second derivative of -z**4/12 - z**3/3 + 2*z**2 - z. Suppose -3*u - 2*n + 15 = -8*u, -4*u - 30 = 2*n. Let h be 26/(-10) + 2/u. Give t(h).
1
Let r(q) = q**2 + 5*q + 6. Let v(o) = -o - 6. Let z be v(-10). Suppose 0 = -4*w + z - 24. Calculate r(w).
6
Let a(j) = -5*j**3 + j + 2*j**3 + 2*j**3 + 9*j**2 - 8*j - 8. Give a(8).
0
Let h = 1 - -1. Let g(q) = 4*q + 3*q - 1 + h*q. Let b be 9/3 + 1*-2. Give g(b).
8
Let c(r) = -r**2 + 9*r + 6. Let s(u) = -2*u**2 + 19*u + 12. Let i(d) = 13*c(d) - 6*s(d). Let t(b) = 4*b + 3. Let n be t(3). Let q = n - 10. What is i(q)?
-4
Let o(k) = k. Let i be -49 + 49 - (1 + -1 - -5). Calculate o(i).
-5
Let b(w) = -2*w - 2 + 3 - 12*w**3 + 0 + w**2 + 2*w**3. Suppose 0*d - 3 = -3*d. Calculate b(d).
-10
Let b(v) = 3*v**2 + 7*v + 6. Let t(r) = -r**2 - r - 1. Let w(q) = b(q) + 2*t(q). Suppose -d + 4 = -2*o, -5*o - 11 = -3*d - 3. What is w(o)?
0
Let h be ((-8)/20)/(1/(-5)). Suppose -k - l = h, 5*l = -3*k - 0*l - 16. Let v(d) = d**2 + 3*d + 2*d**2 - 5*d - d**3 - 1. Calculate v(k).
-7
Let c(v) = -v + 5*v + 2 + 0 + 3. Suppose -3 = t + 2. What is c(t)?
-15
Suppose 2*a + 20 - 24 = 0. Let j(w) be the third derivative of 0 + w**a - 2/3*w**3 + 0*w - 1/12*w**4. Give j(-4).
4
Let u = 5 - 1. Suppose -u*y + y = -9. Suppose -8 = y*t - t. Let c(s) = -s**3 - 5*s**2 - 3*s - 2. Calculate c(t).
-6
Let j(f) = 4*f. Suppose -7 = 5*x - 2. What is j(x)?
-4
Let v(k) = 12*k**2 - 2*k - 1 - 1 - 4*k**2 - 2*k**2 - k**3. Let a = 14 + -9. Calculate v(a).
13
Let m(a) = -a**3 - 4*a**2 + a + 3. Let p(y) = -y + 7. Let x be p(10). Give m(x).
-9
Let w(n) = n**2 - 6*n - 1. Suppose 2*r = -h + 15, 0 = 3*h - 3*r - 0*r - 9. Give w(h).
6
Let l be (1*-1)/(2/10). Suppose -a + 5 - 1 = 0. Let n(v) = 2*v + 0*v - a*v + 3*v. Determine n(l).
-5
Let m(g) = g**3 - 3*g**2 + 3*g - 2. Let z(t) = t**2 + t - 3. Let r be z(3). Let x = r - 7. What is m(x)?
0
Let s(i) = -i**3 + 3*i**2 - i + 3. Let c be s(3). Let j(g) = 4*g. Let y = 6 - 7. Let p(q) = q - 1. Let z(w) = y*j(w) + 3*p(w). What is z(c)?
-3
Let c(a) = 9*a + 14. Let t(u) = 4*u + 7. Let v(r) = 3*c(r) - 7*t(r). Determine v(-6).
-1
Let c(d) = -d - 11. Let w be c(-8). Let v(o) = -o - 9*o + 9*o - 2. Determine v(w).
1
Let c(h) = -7 + h - 3*h + 3*h. Let f be (-2)/(2/(-5)) + 1. Determine c(f).
-1
Suppose 0*g = -3*g. Suppose i = -2*k + 6, -6 = -2*k - g*i + 3*i. Let n(j) = j**3 - 3*j**2 - j + 4. Determine n(k).
1
Let n = 36 + -21. Let j be 6/10 - (-6)/n. Let x(l) be the second derivative of -l**5/2 - l**4/6 + l**3/3 - l**2/2 - l. Determine x(j).
-11
Let r(j) = -4*j**2 + 2*j + 1. Let s(c) be the first derivative of 5*c**3/3 - c**2 - c - 5. Let u(v) = 6*r(v) + 5*s(v). Calculate u(-3).
4
Let u = 1 + 2. Suppose 4*a - 28 = -a + 4*i, -i = u*a - 10. Let h be a/6 - 16/6. Let b(m) = -m**2 - 4*m - 3. Calculate b(h).
1
Let s(t) = t**2 - 6*t + 6. Suppose 0 = -7*v + 10*v + 12. Let n(o) = o + 9. Let f be n(v). Calculate s(f).
1
Let n(v) = 6*v**2 - 4*v + 39 - v**3 - 68 + 29. Calculate n(5).
5
Let f be (-46)/14 - (-10)/35. Let t be